{"id":598,"date":"2016-04-24T15:12:48","date_gmt":"2016-04-24T15:12:48","guid":{"rendered":"http:\/\/natalja-dudek.de\/?page_id=598"},"modified":"2018-02-19T16:51:15","modified_gmt":"2018-02-19T16:51:15","slug":"ueber-mich","status":"publish","type":"page","link":"http:\/\/natalja-dudek.de\/es\/ueber-mich\/","title":{"rendered":"Sobre m\u00ed"},"content":{"rendered":"<p align=\"justify\"><span style=\"font-family: DejaVu Sans,sans-serif;\"><span style=\"font-size: medium;\"><span lang=\"es-ES\">Formaci\u00f3n en Serigraf\u00eda, luego estudios de Filolog\u00eda Rom\u00e1nica y Germ\u00e1nica y de Latinoamerican\u00edstica. Despu\u00e9s de los estudios trabaj\u00e9 en diversas editoriales. Viv\u00ed 14 a\u00f1os en Espa\u00f1a trabajando de agente literaria y de editora en mi propia editorial, as\u00ed como tambi\u00e9n de Gu\u00eda Tur\u00edstica. Recib\u00ed el t\u00edtulo de Traductora Oficial del Ministerio de Gobierno de Karlsruhe con especialidad en Econom\u00eda y el de Traductora Jurada por el Juzgado de Fr\u00e1ncfort del Meno, Alemania. <\/span><\/span><\/span><\/p>\n<p style=\"text-align: justify;\" align=\"justify\"><span style=\"font-family: DejaVu Sans,sans-serif;\"><span style=\"font-size: large;\">\u00a0<\/span><\/span><\/p>\n","protected":false},"excerpt":{"rendered":"<p>Formaci\u00f3n en Serigraf\u00eda, luego estudios de Filolog\u00eda Rom\u00e1nica y Germ\u00e1nica y de Latinoamerican\u00edstica. Despu\u00e9s de los estudios trabaj\u00e9 en diversas editoriales. Viv\u00ed 14 a\u00f1os en Espa\u00f1a trabajando de agente literaria y de editora en mi propia editorial, as\u00ed como tambi\u00e9n de Gu\u00eda Tur\u00edstica. Recib\u00ed el t\u00edtulo de Traductora Oficial del Ministerio de Gobierno de Karlsruhe con especialidad en Econom\u00eda y el de Traductora Jurada por el Juzgado de Fr\u00e1ncfort del Meno, Alemania. \u00a0<\/p>\n","protected":false},"author":1,"featured_media":0,"parent":0,"menu_order":0,"comment_status":"closed","ping_status":"closed","template":"","meta":[],"_links":{"self":[{"href":"http:\/\/natalja-dudek.de\/es\/wp-json\/wp\/v2\/pages\/598"}],"collection":[{"href":"http:\/\/natalja-dudek.de\/es\/wp-json\/wp\/v2\/pages"}],"about":[{"href":"http:\/\/natalja-dudek.de\/es\/wp-json\/wp\/v2\/types\/page"}],"author":[{"embeddable":true,"href":"http:\/\/natalja-dudek.de\/es\/wp-json\/wp\/v2\/users\/1"}],"replies":[{"embeddable":true,"href":"http:\/\/natalja-dudek.de\/es\/wp-json\/wp\/v2\/comments?post=598"}],"version-history":[{"count":32,"href":"http:\/\/natalja-dudek.de\/es\/wp-json\/wp\/v2\/pages\/598\/revisions"}],"predecessor-version":[{"id":804,"href":"http:\/\/natalja-dudek.de\/es\/wp-json\/wp\/v2\/pages\/598\/revisions\/804"}],"wp:attachment":[{"href":"http:\/\/natalja-dudek.de\/es\/wp-json\/wp\/v2\/media?parent=598"}],"curies":[{"name":"wp","href":"https:\/\/api.w.org\/{rel}","templated":true}]}}

Sobre mí

<p align="justify"><span style="font-family: DejaVu Sans,sans-serif;"><span style="font-size: medium;"><span lang="es-ES">Formación en Serigrafía, luego estudios de Filología Románica y Germánica y de Latinoamericanística. Después de los estudios trabajé en diversas editoriales. Viví 14 años en España trabajando de agente literaria y de editora en mi propia editorial, así como también de Guía Turística. Recibí el título de Traductora Oficial del Ministerio de Gobierno de Karlsruhe con especialidad en Economía y el de Traductora Jurada por el Juzgado de Fráncfort del Meno, Alemania. </span></span></span></p>
<p style="text-align: justify;" align="justify"><span style="font-family: DejaVu Sans,sans-serif;"><span style="font-size: large;"> </span></span></p>

<p>Formación en Serigrafía, luego estudios de Filología Románica y Germánica y de Latinoamericanística. Después de los estudios trabajé en diversas editoriales. Viví 14 años en España trabajando de agente literaria y de editora en mi propia editorial, así como también de Guía Turística. Recibí el título de Traductora Oficial del Ministerio de Gobierno de Karlsruhe con especialidad en Economía y el de Traductora Jurada por el Juzgado de Fráncfort del Meno, Alemania.  </p>
